?
-4
What is the value of 1 - 0 - (-2 + (4 - -2))?
-3
What is (-3 - (0 + 0 + -2)) + 5?
4
Calculate (-41 - -30) + -2 + 7.
-6
Evaluate 2 + -1 - (-6 - -9).
-2
What is the value of 66 - 69 - (-2 + 8)?
-9
Evaluate 6 + (8 - (-4 - -12)).
6
Evaluate -9 + (0 - (-9 - 0)).
0
Evaluate 4 + -4 + 9 + -7.
2
10 + (4 + 6 - 11)
9
Calculate 1 + -9 + 4 + 8.
4
-8 - (-8 + 5 + -3)
-2
What is -11 + (-8 - -6 - (0 - 7))?
-6
What is -2 + (1 - (-4 + 8 - 0))?
-5
Evaluate 5 + -12 - (-5 + 0).
-2
What is (3 - 4) + 4 - (0 + 4)?
-1
What is 3 - (3 + -2) - 3?
-1
(-3 - -2) + 5 + -1 + -7
-4
What is -6 - (-4 - (6 + -10) - 4)?
-2
Calculate (3 - (3 + -2)) + -15 + 9.
-4
Evaluate 0 + 3 + (1 - 1 - 4).
-1
Calculate -7 + (-2 + 3 - -8).
2
Calculate (7 - 6) + -8 + 0.
-7
Calculate (-3 - -2) + (0 - -2) + -6.
-5
What is (-18 - ((2 - 3) + -6)) + 3?
-8
Calculate -36 - -41 - (0 - 1).
6
0 - -7 - (18 - 5)
-6
What is the value of -3 + (-1 - -1 - -3) - 0?
0
Calculate (0 + -1 - 2) + 3.
0
Calculate 0 - ((-18 - -20) + (0 - 5)).
3
Evaluate 0 + 3 + 10 + -33 + 16.
-4
What is (0 - 6) + -16 + (2 - -13)?
-7
What is the value of (6 - (-2 - -5)) + 2?
5
What is the value of 6 + (-5 - 2) - -7?
6
Evaluate 95 + -85 + (-3 - 1).
6
What is -11 - (1 + -2) - (-104 + 98)?
-4
Calculate 1 - ((2 - (0 + -1)) + -2).
0
What is the value of 1 - (2 - (-2 + 2)) - 3?
-4
What is the value of (4 - 0) + -9 - -2?
-3
Calculate (1 - -2) + 11 + -14 + 2.
2
Calculate 1 + -1 + (1 - -4) + 1.
6
What is -18 + (17 - 5) + 1 + 0?
-5
(-8 + 6 - 4) + (8 - -3)
5
What is the value of (10 - 8) + 4 + 1 + -1?
6
2 + 5 + (-4 - -4) + -1
6
What is 8 + -6 + (3 - -2) + -5?
2
0 + 2 - -2 - (2 - 1)
3
What is 9 + -5 + 4 + -3 - -1?
6
What is -8 + 10 - (0 + -3)?
5
Calculate -6 - (-1 - (4 + -1)).
-2
-3 + (19 + -6 - 13)
-3
Evaluate 0 + 1 + -23 + 8 + 13.
-1
What is 8 - (-5 + 1 - -7)?
5
What is the value of 36 + -17 + -1 + -13?
5
Calculate (38 - 27 - (1 - -5)) + -13.
-8
Calculate (-3 + 6 - 1) + (-1 - -8).
9
Calculate 1 + 0 - 1 - (-18 + 22).
-4
Calculate 4 + -3 + 1 + 1.
3
-3 + -2 + 4 + 2
1
What is 7 - (-1 - -4 - 1 - 0)?
5
What is 3 + -3 + (2 - 3) + 3?
2
What is -10 + 22 + -10 - (-1 - -8)?
-5
Evaluate -2 - -1 - (-9 + 6 + -2).
4
What is 8 + 3 + -19 - -12?
4
(2 + -1 + -2 - 1) + -5
-7
Calculate -18 + 21 + 8 - (1 - -3).
7
What is -3 - -4 - (-1 + (0 - -2))?
0
What is the value of 5 + (52 - 56) + 2 + 0?
3
Evaluate 0 - -7 - (8 + -5 + -1).
5
(-1 - 0) + 6 + -4
1
What is the value of -3 - (0 + 3 + -7) - 3?
-2
What is the value of -2 + 3 + (3 - 4) + 3?
3
What is -2 + -6 + 11 - 2?
1
What is the value of -2 + 3 + 4 + -1 + -1?
3
What is -6 - -3 - -5 - -3?
5
Calculate -2 + 2 + (-7 - -3) - -3.
-1
Calculate (6 - 3) + -3 - -5.
5
Evaluate 3 + 0 + 10 + -15.
-2
Evaluate (8 - 1) + (-6 + -2 - 3).
-4
What is the value of 9 + (-3 - 0) + -6 - -9?
9
Calculate -6 + 9 + 4 - (12 + 3).
-8
What is 8 + -11 + (-1 - -1)?
-3
-15 - (-22 + 4 - -13)
-10
Calculate 1 + -1 - (5 + 6 + -8).
-3
What is the value of 0 + 1 - (1 + -12 + 7)?
5
What is (206 - 202) + -1 + -10?
-7
-8 - -5 - -1 - (1 + -1)
-2
Evaluate (0 - -3) + 2 + -5 + 3.
3
Calculate -5 + 6 + 3 + -3.
1
Calculate 8 - (8 + 0 + -3 + -1).
4
What is the value of -2 + 0 - (-13 + 2 + 10)?
-1
(12 - (-10 - -1)) + -12
9
What is the value of 7 - (19 - 7 - 0)?
-5
Evaluate -3 + 3 + (-4 + 3 - -2).
1
-1 - (3 + (2 - 2) + 0)
-4
Evaluate (-6 + -3 - (-2 - 10)) + 0.
3
What is -3 + -1 + 4 + -3 - -1?
-2
What is the value of 10 + (-11 - (-6 - 0))?
5
What is the value of (-4 + 0 - (1 + -9)) + -10?
-6
What is (-3 - -13) + -7 - 6?
-3
Evaluate 2 - (-1 - -4) - (-47 + 50).
-4
Evaluate (-23 - (-11 + -3)) + (2 - 2).
-9
6 + (0 - -1) + -4 + -6
-3
Evaluate 59 + -60 + 3 + 0 + 1.
3
1 + -1 + -1 - (-9 + 13)
-5
What is the value of 2 - (1 - 2 - 0)?
3
1 - (4 + 0) - -11 - 11
-3
Calculate 24 - 24 - (0 - -2).
-2
What is the value of (0 - 2) + (7 - 0 - 5)?
0
What is the value of 8 - (-3 + -1) - 9?
3
25 - (11 + 2) - 8
4
What is (-16 - -14) + (-4 + 0 - -2)?
-4
What is 4 + -3 - -1 - (0 + 0)?
2
Calculate -2 + (-5 - -2) - 0.
-5
Evaluate (-5 - (-6 - -1)) + -2.
-2
What is -1 + 4 - (-3 - (-6 - -3))?
3
(10 - 6) + -6 + (-3 - -1)
-4
Evaluate -4 - (-9 + 0 + 1).
4
What is the value of 13 + (-8 - 3) + 4?
6
What is the value of (1 - -3 - -7) + -4?
7
Evaluate (1 - (-1 + 1)) + (6 - 12).
-5
(0 - 0) + -3 - (-5 + 6)
-4
What is the value of 4 + (5 - (17 - 4 - 2))?
-2
Evaluate -3 + 2 + -1 + -1 - -1.
-2
What is 8 - ((8 - 4) + -1)?
5
What is 2 + (5 - ((-6 - -8) + 6))?
-1
Evaluate (-14 - -16) + (2 - (-1 + -3)).
8
Evaluate (5 - -9) + -8 - (1 + 7).
-2
-2 + -1 + 2 + 2 - -2
3
What is the value of (5 - 4 - 3) + -3?
-5
3 - (4 - (-5 - -4))
-2
What is -27 + 32 + (1 - 6)?
0
Evaluate -2 - 3 - (3 - 7 - 1).
0
What is (-3 - (-1 + 4 + -7)) + -1?
0
Evaluate 4 + (0 - (2 - (-4 + 0))).
-2
What is -13 - 1 - (225 - 236)?
-3
What is the value of (2 - 3) + 50 + -51?
-2
Evaluate -9 + 11 + (-4 - (-3 + 0)).
1
3 + -4 + (-3 - (-4 + 2))
-2
What is the value of 0 + 4 + 4 + (0 - 12)?
-4
9 - (-5 + 13 - (9 - 3))
7
Evaluate -4 - (9 + (-3 - -5)) - -7.
-8
Calculate (0 - -4) + (7 - 2 - 12).
-3
What is 4 + 3 + -5 - 0?
2
What is the value of 8 + (-6 + 7 - 5)?
4
Evaluate 1 + -4 + 2 - (3 - 0).
-4
Evaluate 0 + (-5 - (-1 + -6)) + -5.
-3
Evaluate -15 + 17 - (2 - (-7 + 2)).
-5
What is 4 - (-3 + -6 + 18)?
-5
Calculate 0 - (14 + 0 + -5 + -5).
-4
What is the value of -14 - ((2 - 6) + -19)?
9
What is 0 + (-2 - -1) + 4 + -5?
-2
Evaluate -4 - (0 + -8 + 5).
-1
2 + -7 + (-4 - -11)
2
What is the value of (1 - 0) + -12 + 5?
-6
1 + -11 + (10 - 1)
-1
Calculate -8 + 6 - (1 + -1).
-2
What is the value of 8 - (5 + -4 + (0 - 2))?
9
0 + -2 + 10 + -1 + -3
4
What is the value of 8 - 3 - 2 - 7?
-4
What is -2 + -4 + 6 + -4?
-4
Calculate -8 - (-3 + (-8 - 1)).
4
-3 + 10 + -7 - 1
-1
Calculate -2 + 2 - (-20 + 12 - -16).
-8
What is the value of -3 - (-4 - -2) - (79 + -79)?
-1
What is the value of 1 - 1 - -1 - 7 - 2?
-8
What is the value of (-1 - (1 + 6)) + 6?
-2
What is the value of -1 + 1 + -2 - -6?
4
(1 + -3 - 4) + -22 + 19
-9
Calculate -23 + 19 - (-1 + 4).
-7
What is (4 - 0 - 4) + -3?
-3
5 + -6 - (-2 - (-14 + 6))
-7
What is (-2 + 0 - -3) + 2?
3
What is 1 - (-1 - 3) - 14 - -3?
-6
2 - ((-8 - -4) + 11)
-5
What is 20 - 16 - (0 - -8)?
-4
What is the value of (-3 - -3) + 1 + 9 + -16?
-6
(1 - (3 + 0)) + 5
3
What is -2 + -4 + (4 - 3) + 0?
-5
Calculate -4 + 1 + 4 + 3 + -6.
-2
-3 - -1 - (4 - (13 + -8))
-1
What is the value of 8 - (7 + (4 - 3) + -4)?
4
Evaluate -7 + (-4 - -8) - -7.
4
What is -1 + 6 + 6 + -1 + -4?
6
Calculate -18 + 10 + (9 - 4).
-3
What is the value of 1 + 0 + (7 - 3)?
5
What is (12 - 7) + -14 + 3?
-6
What is the value of (4 - 2) + -11 + 5 + 3?
-1
Calculate -28 - -31 - (-1 - -1 - 1).
4
Calculate 9 - (9 - (2 + 0)).
2
What is the value of 0 + (-1 - 10 - -5) + 3?
-3
Evaluate (1 - (2 - (1 - -4))) + 1.
5
Calculate -1 - 8 - (65 + -67).
-7
3 - ((0 - -5) + -3)
1
-4 + (4 - (-1 - -1)) - 4
-4
What is (-6 - -8) + -2 + (3 - 1)?
2
Evaluate 2 + 0 - (5 - (-1 + 0)).
-4
Evaluate 13 + -11 - (2 - 0 - 5).
5
Calculate (-10 - -5) + 3 - (-3 - -4).
-3
Evaluate 2 + (-9 - -3) - 4 - -4.
-4
Evaluate 7 - ((4 - 9) + 7).
5
Calculate -5 + 6 - (4 - 5) - 4.
-2
What is 0 + (-2 - (4 - (-5 + 8)))?
-3
What is 3 - ((-13 - -5) + 2)?
9
Calculate 0 + 9 + -3 - 1.
5
Evaluate (3 - 1) + -8 + 2 + 2.
-2
2 - ((15 - 9) + (-7 - 0))
3
1 - (4 + (-1 - -7))
-9
Calculate 0 + (-3 - -5 - -2) + -3.
1
What is the value of 6 + -2 + 0 - 2?
2
2 + (-1 - (5 - 0)) + 1
-3
What is (14 - 1) + -13 + 10?
10
Evaluate 3 - -1 - (6 + -6).
4
What is the value of 6 + (11 - 20) + 11?
8
1 + -3 - (-6 - -8) - -8
4
What is the value of (-11 + 9 - -4) + 1?
3
What is 1 + 0 + 0 + -3?
-2
Evaluate -14 - 0 - -12 - (1 + -5).
2
Evaluate 3 + -5 + 3 - 1.
0
Evaluate 11 - (0 + 4 + 4).
3
What is 2 - (-1 + -3) - 2?
4
(-2 - -7) + 106 + -120
-9
Evaluate 0 + (-1 - 1) - (8 - 5).
-5
Evaluate 11 + (-2 - -7 - 14).
2
2 + -2 - (7 + -3 + 0)
-4
Calculate 5 - (4 + 1 + 4).
-4
Evaluate -1 + 5 + (-3 - 7).
-6
Evaluate -2 + -6 + -5 + 7 + 4.
-2
Evaluate (-3 - -1) + (5 - 4).
-1
Evaluate -3 - (-18 + 23 - (-2 - -1)).
-9
Evaluate -5 - (-5 - (8 + -4)).
4
(2 - 1 - 0) + (5 - 9)
-3
What is 1 + (19 - 14 - (12 - 1))?
-5
Calculate -5 - (1 + (-2 - -1) + -1).
-4
-9 + (-11 - (-16 + -3))
-1
Calculate 47 - 42 - (0 + 4).
1
Evaluate -15 - -28 - (2 - -6).
5
Calculate 1 + 3 + -18 + 19 - 1.
4
Calculate 9 + -9 + (2